 prime factors of 133888829.
37, 263, 13759
List the prime factors of 1306993276.
2, 71, 109, 42221
What are the prime factors of 1388907899?
227, 6118537
What are the prime factors of 699413659?
7, 99916237
What are the prime factors of 968083063?
449, 2156087
What are the prime factors of 1892474815?
5, 7, 11, 179, 3923
List the prime factors of 473196125.
5, 3785569
What are the prime factors of 125935453?
7, 17990779
What are the prime factors of 995092719?
3, 19, 109, 160163
What are the prime factors of 51448307?
17, 3026371
List the prime factors of 2736916978.
2, 19, 151, 476981
List the prime factors of 237269039.
7, 29, 911, 1283
What are the prime factors of 8185250612?
2, 7, 11, 89, 298601
What are the prime factors of 1971390?
2, 3, 5, 65713
List the prime factors of 2037241357.
3701, 550457
List the prime factors of 5040717226.
2, 17, 43, 1409, 2447
List the prime factors of 18268756.
2, 11, 67, 6197
What are the prime factors of 33937333?
677, 50129
What are the prime factors of 147311707?
147311707
What are the prime factors of 898712198?
2, 19, 73, 127, 2551
List the prime factors of 270690096.
2, 3, 5639377
What are the prime factors of 165383021?
17, 317, 30689
What are the prime factors of 764344043?
197, 3879919
What are the prime factors of 260550883?
6037, 43159
What are the prime factors of 353083925?
5, 23, 167, 3677
List the prime factors of 313940898.
2, 3, 17441161
What are the prime factors of 233210590?
2, 5, 17, 1371827
List the prime factors of 4096566837.
3, 11, 199, 269, 773
List the prime factors of 3243482467.
29, 111844223
List the prime factors of 13895828.
2, 3473957
What are the prime factors of 3649526852?
2, 151, 6042263
What are the prime factors of 237631886?
2, 191, 622073
List the prime factors of 2266532805.
3, 5, 127, 409, 2909
List the prime factors of 618394018.
2, 11, 28108819
List the prime factors of 1741699563.
3, 43, 13501547
What are the prime factors of 2499879289?
2499879289
What are the prime factors of 1673311092?
2, 3, 139442591
What are the prime factors of 767935351?
767935351
List the prime factors of 34894458.
2, 3, 53, 79, 463
What are the prime factors of 240422993?
17, 14142529
List the prime factors of 776824665.
3, 5, 51788311
What are the prime factors of 890455977?
3, 32979851
What are the prime factors of 32688508?
2, 31, 239, 1103
What are the prime factors of 24003172?
2, 6000793
What are the prime factors of 21754716?
2, 3, 59, 30727
What are the prime factors of 4295571249?
3, 21661, 66103
List the prime factors of 1647146773.
53, 31078241
What are the prime factors of 18549413?
107, 173359
What are the prime factors of 2748105443?
181, 653, 23251
What are the prime factors of 107485521?
3, 11, 13, 19273
What are the prime factors of 1468976679?
3, 11801, 13831
List the prime factors of 233896065.
3, 5, 13, 1199467
What are the prime factors of 2671907955?
3, 5, 241, 739117
What are the prime factors of 856414668?
2, 3, 79, 903391
List the prime factors of 131574084.
2, 3, 17, 41, 15731
What are the prime factors of 1527443439?
3, 31, 83, 433, 457
What are the prime factors of 1024896002?
2, 13, 4969, 7933
What are the prime factors of 240310687?
7673, 31319
List the prime factors of 253807749.
3, 13, 18541
List the prime factors of 1320222.
2, 3, 139, 1583
What are the prime factors of 64008179?
17, 109, 34543
List the prime factors of 119280237.
3, 43, 389, 2377
What are the prime factors of 1138661007?
3, 11, 1741, 19819
List the prime factors of 49226874.
2, 3, 8204479
List the prime factors of 1138528887.
3, 19, 37, 539843
What are the prime factors of 32337212?
2, 167, 48409
List the prime factors of 943485048.
2, 3, 11, 59, 61, 331
List the prime factors of 310711591.
601, 516991
List the prime factors of 5222053120.
2, 5, 4079729
List the prime factors of 781588139.
23, 33982093
List the prime factors of 120304028.
2, 13, 2313539
What are the prime factors of 81211971?
3, 31, 873247
What are the prime factors of 8176775163?
3, 2725591721
List the prime factors of 2704999299.
3, 83, 10863451
What are the prime factors of 882428191?
19, 46443589
List the prime factors of 124018214.
2, 62009107
List the prime factors of 41008481.
59, 695059
What are the prime factors of 1236419337?
3, 1459, 282481
List the prime factors of 93190398.
2, 3, 7, 29, 76511
List the prime factors of 56648633.
19, 349, 8543
List the prime factors of 51568005.
3, 5, 353, 9739
What are the prime factors of 591321767?
43, 2179, 6311
What are the prime factors of 193802074?
2, 17, 5700061
List the prime factors of 473312804.
2, 149, 794149
What are the prime factors of 106697758?
2, 5179, 10301
List the prime factors of 1604921398.
2, 31, 37, 699617
What are the prime factors of 5492603488?
2, 47, 3651997
What are the prime factors of 548468801?
19, 28866779
List the prime factors of 440800691.
10337, 42643
List the prime factors of 1565672916.
2, 3, 4889, 26687
What are the prime factors of 467885459?
467885459
List the prime factors of 23727320.
2, 5, 593183
List the prime factors of 373241756.
2, 93310439
What are the prime factors of 37867534?
2, 17, 1113751
What are the prime factors of 171566774?
2, 157, 546391
List the prime factors of 403544.
2, 73, 691
What are the prime factors of 37660823?
37660823
List the prime factors of 543963744.
2, 3, 1888763
What are the prime factors of 497595800?
2, 5, 13, 23, 53, 157
What are the prime factors of 1830244165?
5, 366048833
List the prime factors of 145125170.
2, 5, 23, 107, 5897
What are the prime factors of 95153332?
2, 1789, 13297
What are the prime factors of 40499021?
23, 41, 67, 641
List the prime factors of 2252660515.
5, 7, 64361729
List the prime factors of 2612667255.
3, 5, 11, 47, 336901
List the prime factors of 2369543373.
3, 31, 67, 126761
What are the prime factors of 761397179?
67, 11364137
What are the prime factors of 44392533?
3, 29, 617, 827
List the prime factors of 124714914.
2, 3, 20785819
List the prime factors of 364951048.
2, 7, 11, 592453
What are the prime factors of 51117449?
67, 227, 3361
What are the prime factors of 70822418?
2, 191, 397, 467
What are the prime factors of 5174508?
2, 3, 61, 7069
List the prime factors of 24370009.
59, 317, 1303
List the prime factors of 2456424265.
5, 17, 23, 29, 37, 1171
What are the prime factors of 51038986?
2, 179, 142567
What are the prime factors of 3397743?
3, 377527
List the prime factors of 2120764212.
2, 3, 7, 17, 495043
What are the prime factors of 267016559?
41, 577, 11287
What are the prime factors of 38986690?
2, 5, 151, 25819
What are the prime factors of 396149088?
2, 3, 19, 47, 4621
What are the prime factors of 307482840?
2, 3, 5, 7, 17431
List the prime factors of 3210661485.
3, 5, 29, 2460277
List the prime factors of 185643920.
2, 5, 7, 11, 30137
List the prime factors of 211151699.
11, 89, 215681
What are the prime factors of 146303250?
2, 3, 5, 195071
List the prime factors of 3996146436.
2, 3, 73, 857, 5323
What are the prime factors of 245295502?
2, 122647751
What are the prime factors of 37528854?
2, 3, 11, 568619
List the prime factors of 837892273.
29, 31, 167, 5581
List the prime factors of 2085672711.
3, 3163, 219799
What are the prime factors of 59044083?
3, 7, 2811623
List the prime factors of 697948699.
7, 41, 347411
List the prime factors of 24522542.
2, 11, 1114661
List the prime factors of 1155986955.
3, 5, 2659, 9661
What are the prime factors of 64314800?
2, 5, 11, 47, 311
List the prime factors of 734067904.
2, 11469811
What are the prime factors of 108216914?
2, 13, 4162189
List the prime factors of 7593722.
2, 3796861
List the prime factors of 559933737.
3, 11, 523, 32443
What are the prime factors of 52367879?
211, 248189
List the prime factors of 30277209.
3, 10092403
List the prime factors of 415796896.
2, 29, 448057
What are the prime factors of 342837435?
3, 5, 2357, 9697
What are the prime factors of 140372818?
2, 23, 29, 105227
List the prime factors of 352426758.
2, 3, 58737793
List the prime factors of 241079788.
2, 17, 3545291
What are the prime factors of 61558348?
2, 1753, 8779
What are the prime factors of 1545236878?
2, 293, 977, 2699
List the prime factors of 49166134.
2, 23, 41, 131, 199
What are the prime factor